0 = -k*m + 110 - 8. List the prime factors of m.
3, 17
Let d = -22 - -37. Let b(i) = i**3 - 13*i**2 - 21*i + 21. Let c be b(d). Suppose 5*j + 3*k + k = 195, -k = 4*j - c. What are the prime factors of j?
3, 13
Suppose 2 = 5*s + 7, -379 = -2*b + s. What are the prime factors of b?
3, 7
Suppose 2*q - 784 = -504. What are the prime factors of q?
2, 5, 7
Let z(q) = -5*q + 6. Let f be z(-5). Let y be (-4)/(-6) + (-14)/(-6). Suppose 0 = 2*m + 3*x - f, 4*m - 79 = -y*x - 20. What are the prime factors of m?
2, 7
Let d(n) = 33*n + 36. List the prime factors of d(5).
3, 67
Let b(h) be the third derivative of 63*h**4/8 - h**3/3 - 13*h**2. List the prime factors of b(1).
11, 17
Let r(a) = -3 + 0*a + 4*a + 5*a. Let q be r(3). Suppose -4*z + 140 = -q. List the prime factors of z.
41
List the prime factors of (14 - 22) + (-11)/((-11)/3882).
2, 13, 149
Suppose 6 = -v + 8. Suppose 2*r - 4*c = 106, -v*c = 3*r - 6*r + 163. What are the prime factors of r?
5, 11
Suppose 23*u - 43377 + 14880 = 0. List the prime factors of u.
3, 7, 59
List the prime factors of ((-1085)/14)/(4/(-8)).
5, 31
Let z = 23 - -27. Let g = 111 - z. What are the prime factors of g?
61
Let z(w) = 249*w - 413. What are the prime factors of z(5)?
2, 13
Suppose 3*w - p = 10, 3*w + 2*w + 2*p - 2 = 0. Suppose -4*q + 80 = -3*n + n, 64 = w*q + 5*n. What are the prime factors of q?
2, 11
Let s be (-2 - -3)/(3/(-51)). Let l = 19 + s. Suppose 2*v - 120 = -l*v. What are the prime factors of v?
2, 3, 5
Let k(w) = 9*w**3 - 4*w**2 - 2*w - 12. What are the prime factors of k(4)?
2, 3, 41
Suppose -6*a + 1099 = -497. List the prime factors of a.
2, 7, 19
Let u be (-10)/30 - (-7)/3. What are the prime factors of u/(-4)*176/(-8)?
11
Let o = 592 + 530. List the prime factors of o.
2, 3, 11, 17
Let w(j) = 2*j**2 - 28. Let k be w(7). Let i = 3 + k. What are the prime factors of i?
73
Let q(w) = -30*w. Let v be q(-2). Let k = -22 + -11. Let y = k + v. List the prime factors of y.
3
Suppose 6*z = 3*z + 5*l - 14, 0 = z + 3*l - 14. Suppose -5*b + z*i = -34, -b + 33 = 2*b + 3*i. What are the prime factors of b?
2
Suppose -105 = 4*o - 7*o. Let u = o + -8. List the prime factors of u.
3
Let d(a) = 4*a**2 + a - 15. Let f = -114 - -107. What are the prime factors of d(f)?
2, 3, 29
Let a(n) = 2*n**2 - 12*n + 2. Let u be a(6). Let f(p) = 2*p**u - p**3 + 6*p**2 + 14*p + 3*p**2 - 17. What are the prime factors of f(12)?
7
Suppose -w = g - 638, -11*g + 7*g + 4*w + 2584 = 0. What are the prime factors of g?
2, 3, 107
Let t = 33 + -31. Suppose -7*u = -t*u - 210. What are the prime factors of u?
2, 3, 7
Let n(r) = -2*r + 16. Let f be n(10). Let s = 90 + f. What are the prime factors of s?
2, 43
Suppose -7*p + 5*p = 0. Let g = 0 - p. Suppose 4*a = -g*a + 4*y + 72, y - 47 = -4*a. What are the prime factors of a?
13
Let p be 4 - (2 + 0)*12/6. Suppose -v - s = -p*s - 215, -5*v + 1076 = 4*s. List the prime factors of v.
2, 3
Let g = -2 - -7. Suppose 0*y - 11 = -4*z + 5*y, -5*y = -g*z + 15. Suppose -2*f = -z*t - 29 - 67, -5*f + 2*t + 216 = 0. List the prime factors of f.
2, 3, 7
Let p(m) = m**2 + 6*m + 312. What are the prime factors of p(-28)?
2, 29
Suppose -6*r = -18 - 12. Suppose -r*d + 54 + 101 = 0. What are the prime factors of d?
31
Let a(j) = j + 2. Let s be a(0). Suppose m - 4 = -s*t, 20 = -2*m - 2*m + 4*t. What are the prime factors of (-4 + m)*8/(-6)?
2
Let c(w) = 5*w + 3. Let k be c(-3). Let s(z) = z**3 + 30*z**2 - 27*z + 103. Let d be s(-31). Let n = k - d. What are the prime factors of n?
3
Suppose 147*m - 1288 = 143*m. What are the prime factors of m?
2, 7, 23
Let o(y) = y + 2 + 3 + 1. Let u(g) = -g - 6. Let w(x) = -4*o(x) - 5*u(x). What are the prime factors of w(5)?
11
Let q(u) = -u**3 + 11*u**2 - 5*u + 2. Let o be q(11). What are the prime factors of 5/((-5)/(-3)) - o?
2, 7
Let r(a) be the third derivative of 7*a**5/60 - a**4/24 - 11*a**3/6 + 18*a**2. List the prime factors of r(6).
5, 47
Let m(h) = -h**3 + 2*h**2 + h. Let g be m(2). Suppose -4*w - 4*x = -w - 1016, -1024 = -3*w - g*x. List the prime factors of w.
2, 43
Let b = -2590 + 4349. What are the prime factors of b?
1759
Suppose 0 = -124*r + 132*r - 560. List the prime factors of r.
2, 5, 7
Let j be (4 - (-78)/(-15))/(4/(-10)). Let d(i) = 40*i - 12. List the prime factors of d(j).
2, 3
Let y be 0 - (-8 - (1 + -1)). List the prime factors of y/(-12) + (-1722)/(-18).
5, 19
Suppose -2*k + k + 4 = 0. Suppose -41 - 103 = k*h. Let g = -20 - h. List the prime factors of g.
2
Let p be (2 + 2 - 1)*1. Suppose 0 = 3*c + 4*t - 3*t - 15, c - p*t = 15. Let m(j) = j**2 - 3*j + 5. List the prime factors of m(c).
23
Let o be ((-25)/20)/((-2)/(-32)). What are the prime factors of 510/8 + 15/o?
3, 7
Let t(v) = v**3 + 9*v**2 - 9*v + 12. Let n be t(-10). Let b be (-8)/((-4 - -3)*n). Suppose -b*m + 40 = -2*m. List the prime factors of m.
2, 5
Let p = -547 - -819. Let t = -336 - -338. What are the prime factors of (p/(-12)*-3)/t?
2, 17
Let u be (-4 - -2)/(-5*(-8)/(-220)). Let f = u - -11. What are the prime factors of f?
2, 11
Suppose 51*t + 6 = 48*t. Let g(n) be the first derivative of -27*n**2/2 + 2*n - 5. List the prime factors of g(t).
2, 7
Suppose 247 = 4*v - 185. Suppose 2*h + v = 5*h. Suppose 2*q - 14 = h. List the prime factors of q.
5
Let t = 456 - 80. List the prime factors of t.
2, 47
Let j = 183 - -131. List the prime factors of j.
2, 157
Let x(o) = -o**2 - 7*o + 5. Let i be x(-7). Suppose -3*s + 14 = -2*t - 8, -i*s + 26 = -2*t. What are the prime factors of 45/(-2)*t/12?
3, 5
Let k(q) = 153*q + 197. What are the prime factors of k(4)?
809
Let p be (45/60)/((-2)/(-144)). Let w = p + 24. List the prime factors of w.
2, 3, 13
Suppose 120*i = 114*i + 17052. List the prime factors of i.
2, 7, 29
Let m(f) = 7*f - 7. Let i = -8 + 14. What are the prime factors of m(i)?
5, 7
Suppose -3*a = -s - 12, -4*a = -5*s - 1 - 4. Suppose -a*m + 92 + 38 = 0. What are the prime factors of m?
2, 13
Let x(z) = -55*z**2 - 6*z - 2. Let l(q) = q**2 + q + 1. Let k(o) = -4*l(o) - x(o). What are the prime factors of k(1)?
3, 17
Let l(z) = z**3 - 8*z**2 + z - 5. Let k be l(8). Suppose 3*m = v + 93, 0*m + k*v - 31 = -m. What are the prime factors of m?
31
Let l = 2952 - 729. What are the prime factors of l?
3, 13, 19
Suppose 5814 = 2*l - 4*k, -11*l + 13*l - 5816 = 3*k. List the prime factors of l.
41, 71
What are the prime factors of 3 - (-709 - 0/(-5))?
2, 89
Let x be 0 - (3 - (-2 + 6)). Suppose -3*t + 126 = 3*f, -f + 2*t + 38 + x = 0. Let d = -21 + f. What are the prime factors of d?
2, 5
Let x be 4*((-33)/(-6) - 1). Let a be x/(-8) + (-1)/(-4). Let i = 17 + a. List the prime factors of i.
3, 5
Let g(d) = -826*d - 111. List the prime factors of g(-2).
23, 67
Let w = -63 + 45. Let r = w + 83. What are the prime factors of r?
5, 13
Let k = 45 + -27. Let s(m) = -m + 2. Let g be s(2). Suppose k*t - 21*t + 90 = g. List the prime factors of t.
2, 3, 5
Suppose -13*k - 2*k = -9690. List the prime factors of k.
2, 17, 19
Suppose -4*k - 2*p + 8 = -0*p, 5*k = -4*p + 7. Suppose 0 = k*f - 5*n - 13, -f - 4*n - 5 = -n. Let a = f + 13. List the prime factors of a.
2, 7
Let z be 3/(-2)*(-7)/((-63)/(-1662)). Let m = 476 - z. What are the prime factors of m?
199
Let k be (1001/(-14))/((-1)/(-2)). Let o = 221 + k. List the prime factors of o.
2, 3, 13
Let m(g) = -g**3 + 25*g**2 + 16*g + 3. What are the prime factors of m(24)?
3, 107
Suppose -8582 = 223*d - 230*d. List the prime factors of d.
2, 613
Suppose -7244 = -2*a + 5*h + 2935, -5091 = -a + 2*h. List the prime factors of a.
3, 1699
Suppose 5*o = 2*q + 8695, -8*o = -7*o + 2*q - 1739. What are the prime factors of o?
37, 47
Let m = 19 + -18. Suppose 43 = -4*d + 111. List the prime factors of d + m + -3 + 3.
2, 3
What are the prime factors of 890/45 - 2/(-9)?
2, 5
Let q = -5 - -13. Suppose 3 = -b + q. Suppose b*v - v = -3*i + 123, 5*v + 5*i - 150 = 0. List the prime factors of v.
3, 11
Let j(z) = -z**3 + 10*z**2 - 2*z + 2. Let o(t) = 3*t - 10. Let b be o(6). What are the prime factors of j(b)?
2, 3, 19
Let c(m) = -m**2 - 5*m - 3. Let b be c(-2). Let h = b - -1. Suppose -3*n = -q + 68 - 29, 92 = 3*q - h*n. What are the prime factors of q?
2, 3
Suppose -88*s = -87*s - 232. What are the prime factors of (s/(-5))/(-1) + (-33)/(-55)?
47
List the prime factors of (-655)